{"id":960,"date":"2025-05-13T08:36:05","date_gmt":"2025-05-13T08:36:05","guid":{"rendered":"https:\/\/canpinana.com\/?page_id=960"},"modified":"2025-05-13T08:36:17","modified_gmt":"2025-05-13T08:36:17","slug":"politica-de-privacidad","status":"publish","type":"page","link":"https:\/\/canpinana.com\/?page_id=960","title":{"rendered":"Pol\u00edtica de privacidad"},"content":{"rendered":"\t\t<div data-elementor-type=\"wp-page\" data-elementor-id=\"960\" class=\"elementor elementor-960\" data-elementor-post-type=\"page\">\n\t\t\t\t<div class=\"elementor-element elementor-element-c0d615e e-flex e-con-boxed e-con e-parent\" data-id=\"c0d615e\" data-element_type=\"container\">\n\t\t\t\t\t<div class=\"e-con-inner\">\n\t\t\t\t<div class=\"elementor-element elementor-element-eaf8c3e elementor-widget elementor-widget-heading\" data-id=\"eaf8c3e\" data-element_type=\"widget\" data-widget_type=\"heading.default\">\n\t\t\t\t<div class=\"elementor-widget-container\">\n\t\t\t\t\t<h2 class=\"elementor-heading-title elementor-size-default\">Pol\u00edtica de privacidad\n<\/h2>\t\t\t\t<\/div>\n\t\t\t\t<\/div>\n\t\t\t\t\t<\/div>\n\t\t\t\t<\/div>\n\t\t<div class=\"elementor-element elementor-element-027e15d e-flex e-con-boxed e-con e-parent\" data-id=\"027e15d\" data-element_type=\"container\">\n\t\t\t\t\t<div class=\"e-con-inner\">\n\t\t\t\t<div class=\"elementor-element elementor-element-24afadf elementor-widget elementor-widget-text-editor\" data-id=\"24afadf\" data-element_type=\"widget\" data-widget_type=\"text-editor.default\">\n\t\t\t\t<div class=\"elementor-widget-container\">\n\t\t\t\t\t\t\t\t\t<div class=\"elementor-element elementor-element-bf53fa0 e-flex e-con-boxed e-con e-parent e-lazyloaded\" data-id=\"bf53fa0\" data-element_type=\"container\"><div class=\"e-con-inner\"><div class=\"elementor-element elementor-element-40be1df elementor-widget elementor-widget-text-editor\" data-id=\"40be1df\" data-element_type=\"widget\" data-widget_type=\"text-editor.default\"><div class=\"elementor-widget-container\"><p>En cumplimiento del Cap\u00edtulo II de la ley 34\/2002, LSSICE, les informamos que la presente p\u00e1gina web es propiedad de Restaurant Pi\u00f1ana S.L., en adelante tambi\u00e9n el prestamista, domiciliada en Av Mar\u00edtima, Ramon Pous,7, 43895 L&#8217;Ampolla, Tarragona, Espa\u00f1a, con CIF: B97600688, Tel\u00e9fono: 977744087 y email <a class=\"paddingrightonly\" href=\"mailto:juanipinanac@gmail.com\">juanipinanac@gmail.com<\/a>.<\/p><p>\u00a0<\/p><p>Restaurant Pi\u00f1ana S.L., como responsable de este sitio web y de conformidad con lo dispuesto en la normativa vigente en materia de protecci\u00f3n de datos personales, el Reglamento (UE) 2016\/679 de 27 de abril de 2016 (RGPD) relativo a la protecci\u00f3n de las personas f\u00edsicas en cuanto al tratamiento de datos personales ya la libre circulaci\u00f3n de estos datos, la Ley Org\u00e1nica 3\/2018, de 5 de diciembre, de protecci\u00f3n de datos de car\u00e1cter personal (LOPDGDD) y por la Ley 34\/2002, de 11 de julio, de Servicios de la Sociedad de la Informaci\u00f3n y del Comercio Electr\u00f3nico (LSSICE), tiene implementadas todas las medidas de seguridad, de \u00edndole t\u00e9cnica y organizativas para garantizar y proteger la confidencialidad, integridad y disponibilidad de los datos introducidos.<\/p><p>\u00a0<\/p><p>A efectos de lo previsto en la LOPDGDD, Restaurant Pi\u00f1ana S.L. le informa que los datos que voluntariamente nos est\u00e1 facilitando ser\u00e1n incorporados a nuestros sistemas de informaci\u00f3n para realizar las gestiones comerciales y administrativas necesarias con los usuarios de la web; Las operaciones previstas para realizar los tratamientos son las siguientes: responder a las consultas y\/o proporcionar informaciones requeridas por el Usuario; realizar las prestaciones de servicios y\/o productos contratados o suscritos por el Usuario; realizar todas aquellas actividades propias de Restaurant Pi\u00f1ana S.L. por el presente aviso legal rese\u00f1adas y remitir el bolet\u00edn de noticias de la p\u00e1gina web.<\/p><p>\u00a0<\/p><p>El firmante garantiza la veracidad de los datos aportados y se compromete a comunicar cualquier cambio que se produzca en los mismos.<\/p><p>\u00a0<\/p><p>El prestamista, mediante asterisco (*) en las casillas correspondientes del formulario de contacto, informa de esta obligatoriedad al Usuario, indicando qu\u00e9 datos son necesarios. Mediante la indicaci\u00f3n e introducci\u00f3n de los datos, el Usuario otorga el consentimiento inequ\u00edvoco a Restaurant Pi\u00f1ana S.L. para que proceda al tratamiento de los datos facilitados en pro de los fines citados.<\/p><p>\u00a0<\/p><p>El no facilitar los datos personales solicitados o no aceptar la presente pol\u00edtica de protecci\u00f3n de datos supone la imposibilidad de suscribir, registrar o recibir informaci\u00f3n de los productos y servicios del prestador.<\/p><p>\u00a0<\/p><p>De conformidad con lo dispuesto en las normativas vigentes en protecci\u00f3n de datos personales, el prestamista est\u00e1 cumpliendo con todas las disposiciones de las normativas RGPD y LOPDGDD para el tratamiento de los datos personales de su responsabilidad, y manifiestamente con los principios descritos en el art . 5 del RGPD y el art. 4 de la LOPD, por los que son tratados de forma l\u00edcita, leal y transparente en relaci\u00f3n con el interesado y adecuadas, pertinentes y limitados a lo necesario en relaci\u00f3n con los fines para los que son tratados.<\/p><p>\u00a0<\/p><p>El RESPONSABLE garantiza que ha implementado pol\u00edticas t\u00e9cnicas y organizativas apropiadas para aplicar las medidas de seguridad establecidas por el RGPD y la LOPDGDD para proteger los derechos y libertades de los Usuarios.<\/p><p>\u00a0<\/p><p>De acuerdo con estas normativas, pues, le informamos que tiene derecho a solicitar el acceso, rectificaci\u00f3n, portabilidad y supresi\u00f3n de sus datos y la limitaci\u00f3n y oposici\u00f3n a su tratamiento dirigi\u00e9ndose a la C\/ SANT IDRE 180 ESC C ENTRESUELO 4 43540 SC DE LA R\u00c1PITA. 43540 SAN CARLOS DE LA R\u00c1PITA (TARRAGONA), enviando un correo electr\u00f3nico a <a class=\"paddingrightonly\" href=\"mailto:juanipinanac@gmail.com\">juanipinanac@gmail.com<\/a> indicando como Asunto: \u201cLOPD, Derechos ARCO\u201d, adjuntando fotocopia de su DNI o cualquier medio an\u00e1logo en derecho, tal y como indica la ley. Tiene derecho a retirar el consentimiento dado en cualquier momento. La retirada del consentimiento no afectar\u00e1 a la licitud del tratamiento efectuado antes de la retirada del consentimiento. Tambi\u00e9n tiene derecho a presentar una reclamaci\u00f3n ante la autoridad de control si considera que pueden haberse visto vulnerados sus derechos en relaci\u00f3n a la protecci\u00f3n de sus datos (agpd.es).<\/p><\/div><\/div><\/div><\/div><div class=\"elementor-element elementor-element-3122b0a e-flex e-con-boxed e-con e-parent e-lazyloaded\" data-id=\"3122b0a\" data-element_type=\"container\"><div class=\"e-con-inner\"><div class=\"elementor-element elementor-element-21b1f48 elementor-widget elementor-widget-heading\" data-id=\"21b1f48\" data-element_type=\"widget\" data-widget_type=\"heading.default\"><div class=\"elementor-widget-container\"><h3 class=\"elementor-heading-title elementor-size-default\">CONFIDENCIALIDAD Y CESI\u00d3N DE DATOS A TERCEROS<\/h3><\/div><\/div><\/div><\/div><div class=\"elementor-element elementor-element-9ec9321 e-flex e-con-boxed e-con e-parent e-lazyloaded\" data-id=\"9ec9321\" data-element_type=\"container\"><div class=\"e-con-inner\"><div class=\"elementor-element elementor-element-0d0d8f7 elementor-widget elementor-widget-text-editor\" data-id=\"0d0d8f7\" data-element_type=\"widget\" data-widget_type=\"text-editor.default\"><div class=\"elementor-widget-container\"><p>Los datos que nos facilite se tratar\u00e1n de forma confidencial. El prestamista ha adoptado todas las medidas t\u00e9cnicas y organizativas y todos los niveles de protecci\u00f3n necesarios para garantizar la seguridad en el tratamiento de los datos y evitar su alteraci\u00f3n, p\u00e9rdida, robo, tratamiento o acceso no autorizado, de acuerdo el estado de la tecnolog\u00eda y naturaleza de los datos almacenados. Asimismo, se garantiza tambi\u00e9n que el tratamiento y registro en ficheros, programas, sistemas o equipos, locales y centros cumplen con los requisitos y condiciones de integridad y seguridad establecidas en la normativa vigente.<\/p><p>\u00a0<\/p><div class=\"elementor-element elementor-element-be9aa3b elementor-widget elementor-widget-text-editor\" data-id=\"be9aa3b\" data-element_type=\"widget\" data-widget_type=\"text-editor.default\"><div class=\"elementor-widget-container\"><p>Restaurant Pi\u00f1ana S.L. no ceder\u00e1 los datos personales a terceros, salvo por obligaci\u00f3n legal. No obstante, en caso de ser cedidos a alg\u00fan tercero se producir\u00eda una informaci\u00f3n previa solicitando el consentimiento expreso para tal cesi\u00f3n. La entidad responsable de la base de datos, as\u00ed como los que intervengan en cualquier fase del tratamiento y\/o las entidades a las que se les haya comunicado -en todo caso siempre con la correspondiente autorizaci\u00f3n otorgada por el usuario-, est\u00e1n obligadas a observar el secreto profesional y a la adopci\u00f3n de los niveles de protecci\u00f3n y las medidas t\u00e9cnicas y organizativas necesarias a su alcance para garantizar la seguridad de los datos de car\u00e1cter personal, evitando, en la medida de lo posible, accesos no autorizados, modificaciones il\u00edcitas , sustracciones y\/o la p\u00e9rdida de los datos.<\/p><\/div><\/div><div class=\"elementor-element elementor-element-2aed87d elementor-widget elementor-widget-text-editor\" data-id=\"2aed87d\" data-element_type=\"widget\" data-widget_type=\"text-editor.default\"><div class=\"elementor-widget-container\">\u00a0<\/div><\/div><\/div><\/div><\/div><\/div><div class=\"elementor-element elementor-element-700d52b e-flex e-con-boxed e-con e-parent e-lazyloaded\" data-id=\"700d52b\" data-element_type=\"container\"><div class=\"e-con-inner\"><div class=\"elementor-element elementor-element-88f4110 elementor-widget elementor-widget-heading\" data-id=\"88f4110\" data-element_type=\"widget\" data-widget_type=\"heading.default\"><div class=\"elementor-widget-container\"><h3 class=\"elementor-heading-title elementor-size-default\">ACEPTACI\u00d3N Y CONSENTIMIENTO<\/h3><\/div><\/div><\/div><\/div><div class=\"elementor-element elementor-element-fdb9294 e-flex e-con-boxed e-con e-parent e-lazyloaded\" data-id=\"fdb9294\" data-element_type=\"container\"><div class=\"e-con-inner\"><div class=\"elementor-element elementor-element-95521a5 elementor-widget elementor-widget-text-editor\" data-id=\"95521a5\" data-element_type=\"widget\" data-widget_type=\"text-editor.default\"><div class=\"elementor-widget-container\"><p>El Usuario declara haber sido informado de las condiciones sobre protecci\u00f3n de datos de car\u00e1cter personal, aceptando y consintiendo el tratamiento automatizado de los mismos por parte de Restaurant Pi\u00f1ana S.L. en la forma y para los fines indicados en la presente Pol\u00edtica de Protecci\u00f3n de Datos Personales.<\/p><p>\u00a0<\/p><div class=\"elementor-element elementor-element-265f0d6 elementor-widget elementor-widget-text-editor\" data-id=\"265f0d6\" data-element_type=\"widget\" data-widget_type=\"text-editor.default\"><div class=\"elementor-widget-container\"><p>A trav\u00e9s de esta pol\u00edtica de privacidad le informamos que las fotograf\u00edas que est\u00e9n colgadas en la web son propiedad de Restaurant Pi\u00f1ana S.L., incluyendo las de los menores, en las que, para su obtenci\u00f3n, se ha obtenido el consentimiento previo de los padres, tutores o representantes legales mediante la firma de los formularios realizados al efecto. Sin embargo, los padres, tutores o representantes de los menores, como titulares del ejercicio de los derechos de \u00e9stos, y siempre previo requerimiento formal por escrito, pueden indicar la negativa al uso de la imagen del menor; en este caso, la imagen se mostrar\u00e1 pixelada.<\/p><\/div><\/div><\/div><\/div><\/div><\/div><div class=\"elementor-element elementor-element-7d9186f e-flex e-con-boxed e-con e-parent e-lazyloaded\" data-id=\"7d9186f\" data-element_type=\"container\"><div class=\"e-con-inner\"><div class=\"elementor-element elementor-element-4ebafdb elementor-widget elementor-widget-heading\" data-id=\"4ebafdb\" data-element_type=\"widget\" data-widget_type=\"heading.default\"><div class=\"elementor-widget-container\"><h3 class=\"elementor-heading-title elementor-size-default\">EXACTITUD Y VERACIDAD DE LOS DATOS<\/h3><\/div><\/div><\/div><\/div><div class=\"elementor-element elementor-element-6299610 e-flex e-con-boxed e-con e-parent e-lazyloaded\" data-id=\"6299610\" data-element_type=\"container\"><div class=\"e-con-inner\"><div class=\"elementor-element elementor-element-84872fc elementor-widget elementor-widget-text-editor\" data-id=\"84872fc\" data-element_type=\"widget\" data-widget_type=\"text-editor.default\"><div class=\"elementor-widget-container\"><p>El usuario es el \u00fanico responsable de la veracidad y correcci\u00f3n de los datos que remita a Restaurant Pi\u00f1ana S.L., exonerando a prestador de cualquier responsabilidad al respecto. Los usuarios garantizan y responden, en cualquier caso, de la exactitud, vigencia y autenticidad de los datos personales facilitados, comprometi\u00e9ndose a mantenerlos debidamente actualizados. El usuario acepta proporcionar informaci\u00f3n completa y correcta en el formulario de registro o suscripci\u00f3n.<\/p><\/div><\/div><\/div><\/div>\t\t\t\t\t\t\t\t<\/div>\n\t\t\t\t<\/div>\n\t\t\t\t\t<\/div>\n\t\t\t\t<\/div>\n\t\t\t\t<\/div>\n\t\t","protected":false},"excerpt":{"rendered":"<p>Pol\u00edtica de privacidad En cumplimiento del Cap\u00edtulo II de la ley 34\/2002, LSSICE, les informamos que la presente p\u00e1gina web es propiedad de Restaurant Pi\u00f1ana S.L., en adelante tambi\u00e9n el prestamista, domiciliada en Av Mar\u00edtima, Ramon Pous,7, 43895 L&#8217;Ampolla, Tarragona, Espa\u00f1a, con CIF: B97600688, Tel\u00e9fono: 977744087 y email juanipinanac@gmail.com. \u00a0 Restaurant Pi\u00f1ana S.L., como responsable [&hellip;]<\/p>\n","protected":false},"author":1,"featured_media":0,"parent":0,"menu_order":0,"comment_status":"closed","ping_status":"closed","template":"","meta":{"footnotes":""},"class_list":["post-960","page","type-page","status-publish","hentry"],"_links":{"self":[{"href":"https:\/\/canpinana.com\/index.php?rest_route=\/wp\/v2\/pages\/960","targetHints":{"allow":["GET"]}}],"collection":[{"href":"https:\/\/canpinana.com\/index.php?rest_route=\/wp\/v2\/pages"}],"about":[{"href":"https:\/\/canpinana.com\/index.php?rest_route=\/wp\/v2\/types\/page"}],"author":[{"embeddable":true,"href":"https:\/\/canpinana.com\/index.php?rest_route=\/wp\/v2\/users\/1"}],"replies":[{"embeddable":true,"href":"https:\/\/canpinana.com\/index.php?rest_route=%2Fwp%2Fv2%2Fcomments&post=960"}],"version-history":[{"count":4,"href":"https:\/\/canpinana.com\/index.php?rest_route=\/wp\/v2\/pages\/960\/revisions"}],"predecessor-version":[{"id":964,"href":"https:\/\/canpinana.com\/index.php?rest_route=\/wp\/v2\/pages\/960\/revisions\/964"}],"wp:attachment":[{"href":"https:\/\/canpinana.com\/index.php?rest_route=%2Fwp%2Fv2%2Fmedia&parent=960"}],"curies":[{"name":"wp","href":"https:\/\/api.w.org\/{rel}","templated":true}]}}